{"id":713,"date":"2020-11-23T12:28:38","date_gmt":"2020-11-23T10:28:38","guid":{"rendered":"https:\/\/luxuryspacluj.upbit.ro\/?post_type=product&#038;p=713"},"modified":"2022-11-08T17:07:40","modified_gmt":"2022-11-08T15:07:40","slug":"body-shape-cream","status":"publish","type":"product","link":"https:\/\/luxuryspacluj.upbit.ro\/?product=body-shape-cream","title":{"rendered":"Body Shape Cream"},"content":{"rendered":"<p>Modul de folosire: se maseaz\u0103 o dat\u0103, de dou\u0103 ori pe zi segmentele problematice ale corpului (abdomen, coapse, fese) cu ajutorul m\u0103nu\u0219ilor\u00a0de masaj KLEANTHOUS sau cu m\u0103nu\u0219ile de m\u0103tase, p\u00e2n\u0103 \u00een momentul \u00een care se sesizeaz\u0103 pete de ro\u0219ea\u021b\u0103. Apoi, se aplic\u0103 \u0219i se distribuie crema body shape. Aten\u021bie! Se utilizeaz\u0103 numai la nivelul corpuModul de folosire: se maseaz\u0103 o dat\u0103, de dou\u0103 ori pe zi segmentele problematice ale corpului (abdomen, coapse, fese) cu ajutorul m\u0103nu\u0219ilor\u00a0de masaj KLEANTHOUS sau cu m\u0103nu\u0219ile de m\u0103tase, p\u00e2n\u0103 \u00een momentul \u00een care se sesizeaz\u0103 pete de ro\u0219ea\u021b\u0103. Apoi, se aplic\u0103 \u0219i se distribuie crema body shape. Aten\u021bie! Se utilizeaz\u0103 numai la nivelul corpului, nu \u0219i a fe\u021bei. Poate fi utilizat\u0103 \u0219i \u00een cazul varicelor.lui, nu \u0219i a fe\u021bei. Poate fi utilizat\u0103 \u0219i \u00een cazul varicelor.<\/p>\n","protected":false},"excerpt":{"rendered":"<p>Celulit\u0103, straturi de \u0163esut adipos \u0219i elasticitate sc\u0103zut\u0103 a pielii? Acestea sunt provoc\u0103rile reale la adresa fiec\u0103rui produs eficient de \u00eengrijire a corpului. Crema body shape \u00eenfrunt\u0103 provoc\u0103rile \u0219i pune la \u00eencercare enzima denumit\u0103 L-carnitin\u0103 care sprijin\u0103 procesul de degradare a grasimilor sau litiaza. Moleculele de suport celular contribuie la solidificarea \u0163esutului conjunctiv, iar cofeina \u00eembun\u0103t\u0103\u0163e\u0219te circula\u0163ia s\u00e2ngelui.<\/p>\n","protected":false},"featured_media":714,"comment_status":"open","ping_status":"closed","template":"","meta":[],"product_cat":[30],"product_tag":[],"class_list":{"0":"post-713","1":"product","2":"type-product","3":"status-publish","4":"has-post-thumbnail","6":"product_cat-estetica-corporala","8":"first","9":"instock","10":"shipping-taxable","11":"purchasable","12":"product-type-simple"},"yoast_head":"<!-- This site is optimized with the Yoast SEO plugin v24.0 - https:\/\/yoast.com\/wordpress\/plugins\/seo\/ -->\n<title>Body Shape Cream - Luxury Spa Cluj Napoca<\/title>\n<meta name=\"robots\" content=\"index, follow, max-snippet:-1, max-image-preview:large, max-video-preview:-1\" \/>\n<link rel=\"canonical\" href=\"https:\/\/luxuryspacluj.upbit.ro\/produs\/body-shape-cream\/\" \/>\n<meta property=\"og:locale\" content=\"ro_RO\" \/>\n<meta property=\"og:type\" content=\"article\" \/>\n<meta property=\"og:title\" content=\"Body Shape Cream - Luxury Spa Cluj Napoca\" \/>\n<meta property=\"og:description\" content=\"Celulit\u0103, straturi de \u0163esut adipos \u0219i elasticitate sc\u0103zut\u0103 a pielii? Acestea sunt provoc\u0103rile reale la adresa fiec\u0103rui produs eficient de \u00eengrijire a corpului. Crema body shape \u00eenfrunt\u0103 provoc\u0103rile \u0219i pune la \u00eencercare enzima denumit\u0103 L-carnitin\u0103 care sprijin\u0103 procesul de degradare a grasimilor sau litiaza. Moleculele de suport celular contribuie la solidificarea \u0163esutului conjunctiv, iar cofeina \u00eembun\u0103t\u0103\u0163e\u0219te circula\u0163ia s\u00e2ngelui.\" \/>\n<meta property=\"og:url\" content=\"https:\/\/luxuryspacluj.upbit.ro\/produs\/body-shape-cream\/\" \/>\n<meta property=\"og:site_name\" content=\"Luxury Spa Cluj Napoca\" \/>\n<meta property=\"article:publisher\" content=\"https:\/\/www.facebook.com\/LuxurySpaCluj\/\" \/>\n<meta property=\"article:modified_time\" content=\"2022-11-08T15:07:40+00:00\" \/>\n<meta property=\"og:image\" content=\"https:\/\/luxuryspacluj.upbit.ro\/wp-content\/uploads\/2020\/11\/Silis_Bodyshape_cream_fg.png\" \/>\n\t<meta property=\"og:image:width\" content=\"1200\" \/>\n\t<meta property=\"og:image:height\" content=\"800\" \/>\n\t<meta property=\"og:image:type\" content=\"image\/png\" \/>\n<meta name=\"twitter:card\" content=\"summary_large_image\" \/>\n<meta name=\"twitter:label1\" content=\"Timp estimat pentru citire\" \/>\n\t<meta name=\"twitter:data1\" content=\"1 minut\" \/>\n<script type=\"application\/ld+json\" class=\"yoast-schema-graph\">{\"@context\":\"https:\/\/schema.org\",\"@graph\":[{\"@type\":\"WebPage\",\"@id\":\"https:\/\/luxuryspacluj.upbit.ro\/produs\/body-shape-cream\/\",\"url\":\"https:\/\/luxuryspacluj.upbit.ro\/produs\/body-shape-cream\/\",\"name\":\"Body Shape Cream - Luxury Spa Cluj Napoca\",\"isPartOf\":{\"@id\":\"https:\/\/luxuryspacluj.upbit.ro\/#website\"},\"primaryImageOfPage\":{\"@id\":\"https:\/\/luxuryspacluj.upbit.ro\/produs\/body-shape-cream\/#primaryimage\"},\"image\":{\"@id\":\"https:\/\/luxuryspacluj.upbit.ro\/produs\/body-shape-cream\/#primaryimage\"},\"thumbnailUrl\":\"https:\/\/luxuryspacluj.upbit.ro\/wp-content\/uploads\/2020\/11\/Silis_Bodyshape_cream_fg.png\",\"datePublished\":\"2020-11-23T10:28:38+00:00\",\"dateModified\":\"2022-11-08T15:07:40+00:00\",\"breadcrumb\":{\"@id\":\"https:\/\/luxuryspacluj.upbit.ro\/produs\/body-shape-cream\/#breadcrumb\"},\"inLanguage\":\"ro-RO\",\"potentialAction\":[{\"@type\":\"ReadAction\",\"target\":[\"https:\/\/luxuryspacluj.upbit.ro\/produs\/body-shape-cream\/\"]}]},{\"@type\":\"ImageObject\",\"inLanguage\":\"ro-RO\",\"@id\":\"https:\/\/luxuryspacluj.upbit.ro\/produs\/body-shape-cream\/#primaryimage\",\"url\":\"https:\/\/luxuryspacluj.upbit.ro\/wp-content\/uploads\/2020\/11\/Silis_Bodyshape_cream_fg.png\",\"contentUrl\":\"https:\/\/luxuryspacluj.upbit.ro\/wp-content\/uploads\/2020\/11\/Silis_Bodyshape_cream_fg.png\",\"width\":1200,\"height\":800},{\"@type\":\"BreadcrumbList\",\"@id\":\"https:\/\/luxuryspacluj.upbit.ro\/produs\/body-shape-cream\/#breadcrumb\",\"itemListElement\":[{\"@type\":\"ListItem\",\"position\":1,\"name\":\"Home\",\"item\":\"https:\/\/luxuryspacluj.upbit.ro\/\"},{\"@type\":\"ListItem\",\"position\":2,\"name\":\"Shop\",\"item\":\"https:\/\/luxuryspacluj.upbit.ro\/?page_id=694\"},{\"@type\":\"ListItem\",\"position\":3,\"name\":\"Body Shape Cream\"}]},{\"@type\":\"WebSite\",\"@id\":\"https:\/\/luxuryspacluj.upbit.ro\/#website\",\"url\":\"https:\/\/luxuryspacluj.upbit.ro\/\",\"name\":\"Luxury Spa Cluj Napoca\",\"description\":\"Luxury Spa Cluj Napoca\",\"publisher\":{\"@id\":\"https:\/\/luxuryspacluj.upbit.ro\/#organization\"},\"potentialAction\":[{\"@type\":\"SearchAction\",\"target\":{\"@type\":\"EntryPoint\",\"urlTemplate\":\"https:\/\/luxuryspacluj.upbit.ro\/?s={search_term_string}\"},\"query-input\":{\"@type\":\"PropertyValueSpecification\",\"valueRequired\":true,\"valueName\":\"search_term_string\"}}],\"inLanguage\":\"ro-RO\"},{\"@type\":\"Organization\",\"@id\":\"https:\/\/luxuryspacluj.upbit.ro\/#organization\",\"name\":\"Luxury Spa Cluj\",\"url\":\"https:\/\/luxuryspacluj.upbit.ro\/\",\"logo\":{\"@type\":\"ImageObject\",\"inLanguage\":\"ro-RO\",\"@id\":\"https:\/\/luxuryspacluj.upbit.ro\/#\/schema\/logo\/image\/\",\"url\":\"https:\/\/luxuryspacluj.upbit.ro\/wp-content\/uploads\/2019\/07\/LOGO.png\",\"contentUrl\":\"https:\/\/luxuryspacluj.upbit.ro\/wp-content\/uploads\/2019\/07\/LOGO.png\",\"width\":260,\"height\":249,\"caption\":\"Luxury Spa Cluj\"},\"image\":{\"@id\":\"https:\/\/luxuryspacluj.upbit.ro\/#\/schema\/logo\/image\/\"},\"sameAs\":[\"https:\/\/www.facebook.com\/LuxurySpaCluj\/\"]}]}<\/script>\n<!-- \/ Yoast SEO plugin. -->","yoast_head_json":{"title":"Body Shape Cream - Luxury Spa Cluj Napoca","robots":{"index":"index","follow":"follow","max-snippet":"max-snippet:-1","max-image-preview":"max-image-preview:large","max-video-preview":"max-video-preview:-1"},"canonical":"https:\/\/luxuryspacluj.upbit.ro\/produs\/body-shape-cream\/","og_locale":"ro_RO","og_type":"article","og_title":"Body Shape Cream - Luxury Spa Cluj Napoca","og_description":"Celulit\u0103, straturi de \u0163esut adipos \u0219i elasticitate sc\u0103zut\u0103 a pielii? Acestea sunt provoc\u0103rile reale la adresa fiec\u0103rui produs eficient de \u00eengrijire a corpului. Crema body shape \u00eenfrunt\u0103 provoc\u0103rile \u0219i pune la \u00eencercare enzima denumit\u0103 L-carnitin\u0103 care sprijin\u0103 procesul de degradare a grasimilor sau litiaza. Moleculele de suport celular contribuie la solidificarea \u0163esutului conjunctiv, iar cofeina \u00eembun\u0103t\u0103\u0163e\u0219te circula\u0163ia s\u00e2ngelui.","og_url":"https:\/\/luxuryspacluj.upbit.ro\/produs\/body-shape-cream\/","og_site_name":"Luxury Spa Cluj Napoca","article_publisher":"https:\/\/www.facebook.com\/LuxurySpaCluj\/","article_modified_time":"2022-11-08T15:07:40+00:00","og_image":[{"width":1200,"height":800,"url":"https:\/\/luxuryspacluj.upbit.ro\/wp-content\/uploads\/2020\/11\/Silis_Bodyshape_cream_fg.png","type":"image\/png"}],"twitter_card":"summary_large_image","twitter_misc":{"Timp estimat pentru citire":"1 minut"},"schema":{"@context":"https:\/\/schema.org","@graph":[{"@type":"WebPage","@id":"https:\/\/luxuryspacluj.upbit.ro\/produs\/body-shape-cream\/","url":"https:\/\/luxuryspacluj.upbit.ro\/produs\/body-shape-cream\/","name":"Body Shape Cream - Luxury Spa Cluj Napoca","isPartOf":{"@id":"https:\/\/luxuryspacluj.upbit.ro\/#website"},"primaryImageOfPage":{"@id":"https:\/\/luxuryspacluj.upbit.ro\/produs\/body-shape-cream\/#primaryimage"},"image":{"@id":"https:\/\/luxuryspacluj.upbit.ro\/produs\/body-shape-cream\/#primaryimage"},"thumbnailUrl":"https:\/\/luxuryspacluj.upbit.ro\/wp-content\/uploads\/2020\/11\/Silis_Bodyshape_cream_fg.png","datePublished":"2020-11-23T10:28:38+00:00","dateModified":"2022-11-08T15:07:40+00:00","breadcrumb":{"@id":"https:\/\/luxuryspacluj.upbit.ro\/produs\/body-shape-cream\/#breadcrumb"},"inLanguage":"ro-RO","potentialAction":[{"@type":"ReadAction","target":["https:\/\/luxuryspacluj.upbit.ro\/produs\/body-shape-cream\/"]}]},{"@type":"ImageObject","inLanguage":"ro-RO","@id":"https:\/\/luxuryspacluj.upbit.ro\/produs\/body-shape-cream\/#primaryimage","url":"https:\/\/luxuryspacluj.upbit.ro\/wp-content\/uploads\/2020\/11\/Silis_Bodyshape_cream_fg.png","contentUrl":"https:\/\/luxuryspacluj.upbit.ro\/wp-content\/uploads\/2020\/11\/Silis_Bodyshape_cream_fg.png","width":1200,"height":800},{"@type":"BreadcrumbList","@id":"https:\/\/luxuryspacluj.upbit.ro\/produs\/body-shape-cream\/#breadcrumb","itemListElement":[{"@type":"ListItem","position":1,"name":"Home","item":"https:\/\/luxuryspacluj.upbit.ro\/"},{"@type":"ListItem","position":2,"name":"Shop","item":"https:\/\/luxuryspacluj.upbit.ro\/?page_id=694"},{"@type":"ListItem","position":3,"name":"Body Shape Cream"}]},{"@type":"WebSite","@id":"https:\/\/luxuryspacluj.upbit.ro\/#website","url":"https:\/\/luxuryspacluj.upbit.ro\/","name":"Luxury Spa Cluj Napoca","description":"Luxury Spa Cluj Napoca","publisher":{"@id":"https:\/\/luxuryspacluj.upbit.ro\/#organization"},"potentialAction":[{"@type":"SearchAction","target":{"@type":"EntryPoint","urlTemplate":"https:\/\/luxuryspacluj.upbit.ro\/?s={search_term_string}"},"query-input":{"@type":"PropertyValueSpecification","valueRequired":true,"valueName":"search_term_string"}}],"inLanguage":"ro-RO"},{"@type":"Organization","@id":"https:\/\/luxuryspacluj.upbit.ro\/#organization","name":"Luxury Spa Cluj","url":"https:\/\/luxuryspacluj.upbit.ro\/","logo":{"@type":"ImageObject","inLanguage":"ro-RO","@id":"https:\/\/luxuryspacluj.upbit.ro\/#\/schema\/logo\/image\/","url":"https:\/\/luxuryspacluj.upbit.ro\/wp-content\/uploads\/2019\/07\/LOGO.png","contentUrl":"https:\/\/luxuryspacluj.upbit.ro\/wp-content\/uploads\/2019\/07\/LOGO.png","width":260,"height":249,"caption":"Luxury Spa Cluj"},"image":{"@id":"https:\/\/luxuryspacluj.upbit.ro\/#\/schema\/logo\/image\/"},"sameAs":["https:\/\/www.facebook.com\/LuxurySpaCluj\/"]}]}},"_links":{"self":[{"href":"https:\/\/luxuryspacluj.upbit.ro\/index.php?rest_route=\/wp\/v2\/product\/713","targetHints":{"allow":["GET"]}}],"collection":[{"href":"https:\/\/luxuryspacluj.upbit.ro\/index.php?rest_route=\/wp\/v2\/product"}],"about":[{"href":"https:\/\/luxuryspacluj.upbit.ro\/index.php?rest_route=\/wp\/v2\/types\/product"}],"replies":[{"embeddable":true,"href":"https:\/\/luxuryspacluj.upbit.ro\/index.php?rest_route=%2Fwp%2Fv2%2Fcomments&post=713"}],"wp:featuredmedia":[{"embeddable":true,"href":"https:\/\/luxuryspacluj.upbit.ro\/index.php?rest_route=\/wp\/v2\/media\/714"}],"wp:attachment":[{"href":"https:\/\/luxuryspacluj.upbit.ro\/index.php?rest_route=%2Fwp%2Fv2%2Fmedia&parent=713"}],"wp:term":[{"taxonomy":"product_cat","embeddable":true,"href":"https:\/\/luxuryspacluj.upbit.ro\/index.php?rest_route=%2Fwp%2Fv2%2Fproduct_cat&post=713"},{"taxonomy":"product_tag","embeddable":true,"href":"https:\/\/luxuryspacluj.upbit.ro\/index.php?rest_route=%2Fwp%2Fv2%2Fproduct_tag&post=713"}],"curies":[{"name":"wp","href":"https:\/\/api.w.org\/{rel}","templated":true}]}}